nd 165.
15
Calculate the greatest common factor of 369 and 82.
41
What is the highest common divisor of 15294 and 18?
6
What is the greatest common divisor of 20 and 210?
10
What is the greatest common factor of 23 and 23?
23
What is the highest common divisor of 16 and 6128?
16
What is the greatest common divisor of 400 and 1075?
25
Calculate the greatest common divisor of 3 and 131.
1
What is the highest common divisor of 370 and 50?
10
What is the greatest common divisor of 465 and 11315?
155
Calculate the highest common divisor of 24927 and 63.
21
What is the greatest common factor of 91 and 13?
13
What is the greatest common factor of 20 and 350?
10
Calculate the highest common divisor of 2 and 197.
1
Calculate the highest common divisor of 1593 and 59.
59
Calculate the highest common divisor of 690 and 162.
6
Calculate the greatest common factor of 80 and 5.
5
Calculate the highest common divisor of 20 and 180.
20
What is the highest common factor of 450 and 18?
18
What is the greatest common divisor of 779 and 38?
19
What is the highest common factor of 1936 and 576?
16
What is the greatest common divisor of 187 and 11?
11
What is the highest common factor of 17 and 2873?
17
Calculate the greatest common divisor of 11 and 1.
1
Calculate the greatest common factor of 116 and 986.
58
What is the greatest common factor of 2547 and 27?
9
Calculate the highest common factor of 6316 and 4.
4
What is the highest common factor of 403 and 217?
31
What is the highest common factor of 195 and 1053?
39
What is the greatest common divisor of 76 and 266?
38
Calculate the greatest common factor of 33 and 121.
11
Calculate the highest common divisor of 220 and 2750.
110
Calculate the greatest common factor of 54 and 702.
54
What is the highest common factor of 66 and 9966?
66
Calculate the greatest common factor of 38786 and 66.
22
Calculate the greatest common divisor of 3829 and 14.
7
What is the greatest common factor of 1914 and 348?
174
What is the highest common factor of 45 and 927?
9
What is the greatest common factor of 9 and 7542?
9
Calculate the greatest common divisor of 710 and 20.
10
What is the highest common divisor of 18 and 306?
18
What is the greatest common factor of 67 and 1?
1
What is the greatest common divisor of 238 and 459?
17
What is the highest common factor of 1728 and 378?
54
Calculate the highest common divisor of 2015 and 65.
65
What is the greatest common factor of 129 and 65661?
129
What is the greatest common divisor of 50 and 800?
50
What is the greatest common factor of 54 and 1674?
54
Calculate the highest common factor of 168 and 252.
84
What is the highest common divisor of 42 and 210?
42
What is the highest common factor of 7430 and 20?
10
What is the greatest common factor of 589 and 2147?
19
What is the greatest common divisor of 356 and 1513?
89
What is the greatest common divisor of 1220 and 150?
10
What is the greatest common factor of 17065 and 5?
5
Calculate the greatest common divisor of 1160 and 15544.
232
Calculate the highest common factor of 186 and 1054.
62
Calculate the highest common divisor of 18 and 1503.
9
What is the greatest common divisor of 12 and 44364?
12
What is the highest common factor of 429 and 156?
39
Calculate the greatest common divisor of 153 and 522.
9
Calculate the greatest common factor of 1424 and 16.
16
What is the highest common divisor of 533 and 26?
13
What is the greatest common divisor of 1545 and 15?
15
Calculate the highest common divisor of 374 and 918.
34
What is the greatest common divisor of 139 and 10008?
139
Calculate the greatest common factor of 155 and 20.
5
Calculate the greatest common factor of 124 and 16244.
124
What is the highest common factor of 615 and 12505?
205
What is the greatest common factor of 168 and 273?
21
Calculate the highest common factor of 136 and 8755.
17
Calculate the highest common divisor of 413 and 1357.
59
What is the greatest common factor of 159 and 6943?
53
Calculate the greatest common factor of 46 and 736.
46
Calculate the greatest common divisor of 2070 and 135.
45
Calculate the highest common factor of 1125 and 50.
25
Calculate the highest common factor of 2494 and 86.
86
Calculate the highest common factor of 119 and 28.
7
What is the greatest common divisor of 4165 and 5?
5
Calculate the highest common divisor of 16 and 64.
16
Calculate the greatest common divisor of 1611 and 45.
9
What is the greatest common factor of 46 and 115?
23
Calculate the greatest common divisor of 308 and 132.
44
Calculate the greatest common divisor of 1 and 53.
1
What is the greatest common factor of 7368 and 24?
24
What is the highest common divisor of 6885 and 17?
17
What is the highest common divisor of 41517 and 189?
63
Calculate the greatest common factor of 14 and 42.
14
Calculate the greatest common divisor of 19488 and 87.
87
Calculate the greatest common factor of 386 and 93798.
386
What is the greatest common divisor of 960 and 30?
30
What is the greatest common divisor of 256 and 16?
16
What is the highest common factor of 374 and 1003?
17
What is the highest common divisor of 242 and 33?
11
Calculate the highest common divisor of 154 and 110.
22
Calculate the highest common factor of 1370 and 15.
5
What is the highest common factor of 19 and 76?
19
What is the greatest common factor of 847 and 1078?
77
What is the greatest common divisor of 16 and 2032?
16
Calculate the highest common factor of 147 and 63.
21
Calculate the highest common divisor of 39 and 678.
3
What is the highest common divisor of 3 and 423?
3
Calculate the highest common divisor of 28 and 1778.
14
What is the greatest common factor of 108120 and 12?
12
What is the highest common factor of 70 and 525?
35
Calculate the highest common divisor of 108 and 24.
12
What is the greatest common factor of 196 and 42?
14
Calculate the greatest common factor of 2700 and 1404.
108
Calculate the highest common factor of 5673 and 1209.
93
Calculate the greatest common factor of 425 and 17.
17
Calculate the greatest common divisor of 1344 and 1260.
84
What is the greatest common factor of 4331 and 71?
71
What is the greatest common divisor of 104 and 65?
13
Calculate the highest common divisor of 1298 and 22.
22
Calculate the greatest common factor of 156 and 832.
52
What is the greatest common divisor of 3064 and 8?
8
What is the highest common divisor of 22 and 8?
2
Calculate the highest common divisor of 42 and 28266.
42
What is the highest common factor of 98 and 539?
49
What is the greatest common factor of 8909 and 472?
59
What is the highest common factor of 9527 and 7?
7
Calculate the greatest common factor of 8 and 178.
2
What is the greatest common factor of 30 and 18?
6
Calculate the greatest common factor of 318 and 4982.
106
What is the greatest common factor of 207 and 391?
23
What is the greatest common factor of 721 and 7519?
103
Calculate the highest common divisor of 196 and 1274.
98
Calculate the greatest common factor of 8 and 64.
8
What is the greatest common divisor of 161 and 7?
7
Calculate the greatest common factor of 100 and 2980.
20
Calculate the highest common divisor of 9 and 18108.
9
What is the greatest common factor of 32 and 872?
8
What is the highest common divisor of 1510 and 40?
10
What is the highest common factor of 112 and 14?
14
What is the highest common factor of 3208 and 56?
8
Calculate the highest common factor of 26 and 130.
26
Calculate the highest common divisor of 22 and 275.
11
Calculate the highest common divisor of 72 and 2178.
18
Calculate the highest common factor of 162 and 27.
27
Calculate the greatest common divisor of 861 and 14.
7
What is the highest common divisor of 1314 and 126?
18
Calculate the greatest common factor of 169 and 533.
13
Calculate the greatest common divisor of 1002 and 30.
6
What is the greatest common divisor of 156 and 5343?
39
Calculate the highest common divisor of 11 and 5.
1
Calculate the highest common factor of 37 and 3293.
37
What is the greatest common factor of 10277 and 239?
239
What is the highest common factor of 7708 and 1312?
164
Calculate the highest common factor of 250 and 140.
10
Calculate the greatest common factor of 6700 and 200.
100
Calculate the highest common divisor of 5